{"id":3340,"date":"2012-02-06T21:56:19","date_gmt":"2012-02-06T20:56:19","guid":{"rendered":"http:\/\/www.vindjeu.eu\/?page_id=3340"},"modified":"2014-10-12T20:07:04","modified_gmt":"2014-10-12T18:07:04","slug":"vin-djeu-dlannee-2011","status":"publish","type":"page","link":"https:\/\/www.vindjeu.eu\/prd\/vin-djeu-dlannee\/vin-djeu-dlannee-2011\/","title":{"rendered":"2011"},"content":{"rendered":"<div>\n<div><a href=\"http:\/\/www.vindjeu.eu\/prd\/wp-content\/uploads\/2011\/12\/vin-djeu-20112.jpg\"><\/a><\/div>\n<p style=\"text-align: center;\"><img loading=\"lazy\" decoding=\"async\" title=\"vin d'jeu 2011\" src=\"http:\/\/www.vindjeu.eu\/prd\/wp-content\/uploads\/2011\/12\/vin-djeu-20112.jpg\" alt=\"\" width=\"328\" height=\"649\" \/><\/p>\n<div>Salut,<\/div>\n<div>Comme chaque ann\u00e9e, nous passons les derniers mois de l&rsquo;ann\u00e9e \u00e0 rejouer aux jeux qui nous ont particuli\u00e8rement plu durant l&rsquo;ann\u00e9e pass\u00e9e. Les choix n&rsquo;\u00e9taient pas \u00e9vidents cette ann\u00e9e puisqu&rsquo;il a fallu s\u00e9parer:<\/div>\n<div>\n<ul>\n<li>Vinhos<\/li>\n<li>Lancaster<\/li>\n<li>Burgund<\/li>\n<li>Helvetia<\/li>\n<\/ul>\n<\/div>\n<div>And the winner is &#8230;. :\u00a0<a href=\"http:\/\/www.vindjeu.eu\/2011\/02\/07\/vinhos\/\"><strong>Vinhos<\/strong><\/a><\/div>\n<div><a href=\"http:\/\/www.vindjeu.eu\/prd\/wp-content\/uploads\/2011\/12\/383-Vinhos-1.jpg\"><\/a><a href=\"http:\/\/www.vindjeu.eu\/2011\/02\/07\/vinhos\/\">Vinhos<\/a> est donc notre Vin d&rsquo;jeu d&rsquo;l&rsquo;ann\u00e9e 2011. Bien s\u00fbr il y a son th\u00e8me, fait pour notre site \ud83d\ude09 . Mais outre le th\u00e8me, il y a un jeu tellement complet, bourr\u00e9 de m\u00e9canismes originaux et tr\u00e8s strat\u00e9gique. Son mat\u00e9riel est agr\u00e9able et son plateau est tr\u00e8s bien fait permettant de se rappeler de tous les petits d\u00e9tails de r\u00e8gle. Pour toutes ces raisons et bien d&rsquo;autres,\u00a0<a href=\"http:\/\/www.vindjeu.eu\/2011\/02\/07\/vinhos\/\">Vinhos<\/a> a \u00e9t\u00e9 \u00e9lu Vin d&rsquo;jeu d&rsquo;l&rsquo;ann\u00e9e 2011. F\u00e9liciations \u00e0 son auteur g\u00e9nial et \u00e0 ses \u00e9diteurs.<\/div>\n<p style=\"text-align: center;\"><img loading=\"lazy\" decoding=\"async\" title=\"383 Vinhos 1\" src=\"http:\/\/www.vindjeu.eu\/prd\/wp-content\/uploads\/2011\/12\/383-Vinhos-1.jpg\" alt=\"\" width=\"458\" height=\"500\" \/><\/p>\n<div><a href=\"http:\/\/www.vindjeu.eu\/prd\/wp-content\/uploads\/2011\/12\/vindjeu-verre-sans-fond.jpg\"><\/a>Outre notre Vin d&rsquo;jeu d&rsquo;l&rsquo;ann\u00e9e, comme chaque ann\u00e9e, chacun d&rsquo;entre nous \u00e9lit son coup de coeur 2011, le voici pour chacun d&rsquo;entre nous:<\/div>\n<p style=\"text-align: center;\"><img loading=\"lazy\" decoding=\"async\" title=\"vind'jeu verre sans fond\" src=\"http:\/\/www.vindjeu.eu\/prd\/wp-content\/uploads\/2011\/12\/vindjeu-verre-sans-fond.jpg\" alt=\"\" width=\"264\" height=\"346\" \/><\/p>\n<div>Raf: <strong>Da ist der wurm drin<\/strong><\/div>\n<div style=\"text-align: center;\"><a href=\"http:\/\/www.vindjeu.eu\/prd\/wp-content\/uploads\/2011\/12\/385-Da-ist-der-Drin-Wurm.jpg\"><img loading=\"lazy\" decoding=\"async\" title=\"385 Da ist der Drin Wurm\" src=\"http:\/\/www.vindjeu.eu\/prd\/wp-content\/uploads\/2011\/12\/385-Da-ist-der-Drin-Wurm.jpg\" alt=\"\" width=\"300\" height=\"298\" \/><\/a><\/div>\n<div>Thierry:\u00a0<a href=\"http:\/\/www.vindjeu.eu\/2011\/06\/19\/burgund-les-chateaux-de-bourgogne\/\"><strong>Burgund<\/strong><\/a><\/div>\n<div style=\"text-align: center;\"><a href=\"http:\/\/www.vindjeu.eu\/prd\/wp-content\/uploads\/2011\/12\/385-Burgund.jpg\"><img loading=\"lazy\" decoding=\"async\" title=\"385 Burgund\" src=\"http:\/\/www.vindjeu.eu\/prd\/wp-content\/uploads\/2011\/12\/385-Burgund-208x300.jpg\" alt=\"\" width=\"208\" height=\"300\" \/><\/a><\/div>\n<div>Benoit:\u00a0<a href=\"http:\/\/www.vindjeu.eu\/2011\/09\/17\/lancaster-aide\/\"><strong>Lancaster<\/strong><\/a><\/div>\n<div style=\"text-align: center;\"><img loading=\"lazy\" decoding=\"async\" title=\"384 Lancaster 1\" src=\"http:\/\/www.vindjeu.eu\/prd\/wp-content\/uploads\/2011\/12\/384-Lancaster-1.jpg\" alt=\"\" width=\"296\" height=\"300\" \/><\/div>\n<div>Philrey212:\u00a0<a href=\"http:\/\/www.vindjeu.eu\/2011\/11\/15\/helvetia-aide-de-jeu\/\"><strong>Helvetia<\/strong><\/a><\/div>\n<div style=\"text-align: center;\"><img loading=\"lazy\" decoding=\"async\" title=\"382 Helvetia\" src=\"http:\/\/www.vindjeu.eu\/prd\/wp-content\/uploads\/2011\/12\/382-Helvetia1-300x299.jpg\" alt=\"\" width=\"300\" height=\"299\" \/><\/div>\n<div>SwatSh:\u00a0<a href=\"http:\/\/www.vindjeu.eu\/2011\/10\/05\/sid-meiers-civilization-aide-de-jeu\/\"><strong>Sid Meier&rsquo;s Civilization<\/strong><\/a><\/div>\n<div style=\"text-align: center;\"><img loading=\"lazy\" decoding=\"async\" title=\"385 Civilization\" src=\"http:\/\/www.vindjeu.eu\/prd\/wp-content\/uploads\/2011\/12\/385-Civilization-295x300.jpg\" alt=\"\" width=\"295\" height=\"300\" \/><\/div>\n<div>Et last but not least &#8230;. Votre Vin d&rsquo;jeu d&rsquo;l&rsquo;ann\u00e9e des lecteurs est &#8230;.:\u00a0<a href=\"http:\/\/www.vindjeu.eu\/2011\/07\/31\/olympos\/\"><strong>Olympos<\/strong><\/a><\/div>\n<div style=\"text-align: center;\"><a href=\"http:\/\/www.vindjeu.eu\/prd\/wp-content\/uploads\/2011\/12\/385-Olympos.jpg\"><img loading=\"lazy\" decoding=\"async\" title=\"385 Olympos\" src=\"http:\/\/www.vindjeu.eu\/prd\/wp-content\/uploads\/2011\/12\/385-Olympos.jpg\" alt=\"\" width=\"363\" height=\"500\" \/><\/a><\/div>\n<div>L\u00e0 aussi le combat a \u00e9t\u00e9 rude. Vous avez \u00e9t\u00e9 tr\u00e8s nombreux \u00e0 voter et un grand merci pour votre participation. 2 jeux se sont rapidement distingu\u00e9s et n&rsquo;ont pas arr\u00eat\u00e9 de se d\u00e9passer l&rsquo;un l&rsquo;autre. Olympos l&rsquo;a finalement emport\u00e9 dans cette course mais je m&rsquo;en voudrais de ne pas f\u00e9liciter le second qui ne termine qu&rsquo;\u00e0 3 points:\u00a0<a href=\"http:\/\/www.vindjeu.eu\/2010\/11\/22\/7-wonders\/\">7 Wonders<\/a>. Les autres jeux terminent \u00e0 plus de 40 points de ce couple de t\u00eate.<\/div>\n<div style=\"text-align: center;\"><a href=\"http:\/\/www.vindjeu.eu\/prd\/wp-content\/uploads\/2011\/12\/385-7-Wonders-1.jpg\"><img loading=\"lazy\" decoding=\"async\" class=\"alignleft\" style=\"margin: 10px;\" title=\"385 7 Wonders 1\" src=\"http:\/\/www.vindjeu.eu\/prd\/wp-content\/uploads\/2011\/12\/385-7-Wonders-1-300x300.jpg\" alt=\"\" width=\"300\" height=\"300\" \/><\/a><\/div>\n<div>F\u00e9licitations donc \u00e0 tous ces gagnants et \u00e0 tous les participants. A ce propos, voici le r\u00e9sultat du tirage au sort, les lecteurs ayant remport\u00e9 un des 2 jeux Gameworks (Bonbons\u00a0et\u00a0<a href=\"http:\/\/www.vindjeu.eu\/2011\/12\/15\/tschak\/\">Tschack<\/a>!) sont:<\/div>\n<div>&#8211; Clement<\/div>\n<div>&#8211; Durn<\/div>\n<div>&#8211; Fabien<\/div>\n<div>&#8211; Anne<\/div>\n<div>&#8211; Do<\/div>\n<div>&#8211; Plas<\/div>\n<div>Bravo \u00e0 tous et \u00e0 l&rsquo;ann\u00e9e prochaine!<\/div>\n<div>SwatSh.<\/div>\n<\/div>\n","protected":false},"excerpt":{"rendered":"<p>Salut, Comme chaque ann\u00e9e, nous passons les derniers mois de l&rsquo;ann\u00e9e \u00e0 rejouer aux jeux qui nous ont particuli\u00e8rement plu durant l&rsquo;ann\u00e9e pass\u00e9e. Les choix n&rsquo;\u00e9taient pas \u00e9vidents cette ann\u00e9e puisqu&rsquo;il a fallu s\u00e9parer: Vinhos Lancaster Burgund Helvetia And the winner is &#8230;. :\u00a0Vinhos Vinhos est donc notre Vin d&rsquo;jeu&#46;&#46;&#46;<\/p>\n","protected":false},"author":1,"featured_media":0,"parent":454,"menu_order":2,"comment_status":"open","ping_status":"open","template":"","meta":{"_acf_changed":false,"footnotes":""},"class_list":["post-3340","page","type-page","status-publish","hentry"],"acf":[],"_links":{"self":[{"href":"https:\/\/www.vindjeu.eu\/prd\/wp-json\/wp\/v2\/pages\/3340","targetHints":{"allow":["GET"]}}],"collection":[{"href":"https:\/\/www.vindjeu.eu\/prd\/wp-json\/wp\/v2\/pages"}],"about":[{"href":"https:\/\/www.vindjeu.eu\/prd\/wp-json\/wp\/v2\/types\/page"}],"author":[{"embeddable":true,"href":"https:\/\/www.vindjeu.eu\/prd\/wp-json\/wp\/v2\/users\/1"}],"replies":[{"embeddable":true,"href":"https:\/\/www.vindjeu.eu\/prd\/wp-json\/wp\/v2\/comments?post=3340"}],"version-history":[{"count":0,"href":"https:\/\/www.vindjeu.eu\/prd\/wp-json\/wp\/v2\/pages\/3340\/revisions"}],"up":[{"embeddable":true,"href":"https:\/\/www.vindjeu.eu\/prd\/wp-json\/wp\/v2\/pages\/454"}],"wp:attachment":[{"href":"https:\/\/www.vindjeu.eu\/prd\/wp-json\/wp\/v2\/media?parent=3340"}],"curies":[{"name":"wp","href":"https:\/\/api.w.org\/{rel}","templated":true}]}}