{"id":421,"date":"2010-05-24T16:55:56","date_gmt":"2010-05-24T15:55:56","guid":{"rendered":"http:\/\/www.vindjeu.eu\/?page_id=421"},"modified":"2014-10-12T20:03:14","modified_gmt":"2014-10-12T18:03:14","slug":"liste-philrey","status":"publish","type":"page","link":"https:\/\/www.vindjeu.eu\/prd\/essen\/essen-2009\/listes\/liste-philrey\/","title":{"rendered":"PhilRey (2009)"},"content":{"rendered":"<p style=\"text-align: center;\"><a href=\"http:\/\/3.bp.blogspot.com\/_ea2yja0GmY8\/SsKQvdLNKEI\/AAAAAAAAAZk\/6FnouWqp9ko\/s1600-h\/Essen.gif\"><img decoding=\"async\" id=\"BLOGGER_PHOTO_ID_5387027249248413762\" class=\"aligncenter\" src=\"http:\/\/3.bp.blogspot.com\/_ea2yja0GmY8\/SsKQvdLNKEI\/AAAAAAAAAZk\/6FnouWqp9ko\/s400\/Essen.gif\" border=\"0\" alt=\"\" \/><\/a><\/p>\n<h4><span style=\"font-weight: normal;\">Suite \u00e0 SwatSh, voici ma liste. Loin d&rsquo;\u00eatre compl\u00e8te car j&rsquo;ai encore des r\u00e8gles \u00e0 lire avant la semaine prochaine.<\/span><\/h4>\n<p>1) ASSYRIA (Ystari), r\u00e8gles lues:<br \/>\nVoil\u00e0 un must, si pas LE must. Bonne m\u00e9canique, jeu fluide, etc. A essayer \u00e0 tout prix \ud83d\ude09<br \/>\n2) COLONIA (Queen Games), r\u00e8gles lues:<br \/>\nLe jeu introduit une m\u00e9canique int\u00e9ressante sur papier. J&rsquo;ai h\u00e2te de tester pour voir ce que cela donne!<br \/>\n3) ENDEAVOR (ZMan Games), R\u00e8gles lues:<br \/>\nUn futur classique? Je n&rsquo;en serais pas \u00e9tonn\u00e9 si la pratique donne la m\u00eame bonne impression que la lecture des r\u00e8gles!<br \/>\n4) HANSA TEUTONICA<br \/>\nPas r\u00e9ussi \u00e0 trouver les r\u00e8gles, juste un compte rendu. Je le classe haut dans ma liste car je suis curieux sur tous ce qui touche aux villes de la Hanse!<br \/>\n5) LAST TRAIN TO WENSLEYDALE (Warfrog), r\u00e8gles lues:<br \/>\nUn Martin Wallace. Il a fait (selon moi) du super bon et du un peu moins bon et m\u00eame du beurk, mais ce n&rsquo;est que mon opinion. Mais ces jeux de train sont souvent lon d&rsquo;\u00eatre nuls. De plus, le jeu est annonc\u00e9 en 90 minutes \ud83d\ude09<br \/>\n6) VOR DER TOREN VON LOYANG (Hall Games), r\u00e8gles lues:<br \/>\nAuteur d&rsquo;Agricola et Le Havre. On ne peut pas laisser passer. Seul b\u00e9mol, pas mal de carte avec du texte. A voir si on peut quand m\u00eame tester la m\u00e9canique du jeu qui m&rsquo;a l&rsquo;air pas mal!<br \/>\n7) STEAM &#8211; RAILS TO RICHES (Mayfair):<br \/>\nJe n&rsquo;ai pas lu les r\u00e8gles mais il semble asser similaire \u00e0 Age of Steam avec quelques variantes. De plus, un Wallace et un jeu de train \ud83d\ude42<br \/>\n7&prime;) STEAM &#8211; BARONS (Mayfair\/Warfrog):<br \/>\nUne extension \u00e0 STEAM &#8211; RAILS TO RICHES.<br \/>\n8) DUNGEONS LORDS (Czech Games):<br \/>\nPas mal de commentaires positifs sur celui-ci. Je n&rsquo;ai pas r\u00e9ussi \u00e0 mettre les mains sur les r\u00e8gles mais on parviendra bien \u00e0 voir \u00e7a sur place \ud83d\ude09<br \/>\n8&prime;) TOBAGO (Zoch), r\u00e8gles lues:<br \/>\nEtrange jeu de recherche de tr\u00e9sor. Un l\u00e9ger hasard qui ne devrait pas perturber le jeu. Par contre, une m\u00e9canique qui sur papier semble super originale et qui vaut le d\u00e9tour. A essayer absolument pour se faire une bonne id\u00e9e!<br \/>\n9) B\u00fcrger, Baumeister &amp; Co (Abacus), r\u00e8gles lues:<br \/>\nUn jeu de Michael Schacht vaut toujours le d\u00e9tour. A la lecture des r\u00e8gles, un jeu de placement qui vaut le coup d&rsquo;essayer (en tout cas, sur papier)<br \/>\n10) CARSON CITY (QWG Games):<br \/>\nJe compte lire les r\u00e8gles cette semaine, parmi tant d&rsquo;autres \ud83d\ude42<br \/>\n11) THE ADVENTURERS, r\u00e8gles lues<br \/>\nRien que pour le matos, cela vaut le d\u00e9tour. Le jeu para\u00eet quand m\u00eame plus l\u00e9ger avec un facteur chance omni-pr\u00e9sent. Mais avec vos enfants, suis certain que \u00e7 passe!<br \/>\n12) VASCO DE GAMA (What&rsquo;s Your Game?), r\u00e8gles lues<br \/>\nJe reste un peu mitig\u00e9 sur Vasco. Les r\u00e8gles sont fluides, les m\u00e9canismes ne me semblent pas compliqu\u00e9s et le jeu int\u00e9ressant. Mais j&rsquo;ai un peu peur du c\u00f4t\u00e9 &lsquo;r\u00e9p\u00e9titif&rsquo; des partie. A voir sur place si l&rsquo;occasion se pr\u00e9sente car les commentaires sont excellents!<br \/>\n13) ALBION (AMIGO), r\u00e8gles lues<br \/>\nA la lecture des r\u00e8gles, je redoute un peu l&rsquo;aspect r\u00e9p\u00e9titif des tours. Enfin, sur papier, on peut se tromper. J&rsquo;esp\u00e8re pouvoir le tester sur place (encore un)<br \/>\n14) CYCLADES (Matagot), r\u00e8gles lues:<br \/>\nQuelques m\u00e9canismes qui me semblent int\u00e9ressants. Mais j&rsquo;ai du mal \u00e0 me faire une opinion \u00e0 la lecture des r\u00e8gles. Si on pouvait le tester, ce serait mieux. Surtout que le matos a l&rsquo;air superbe.<br \/>\n15) BATT&rsquo;l KHA&rsquo;OS (Z-Man Games), r\u00e8gles lues:<br \/>\nPetit jeu pour deux joueurs qui me semble asser attrayant pour s&rsquo;y int\u00e9resser. On pose des tuiles avec des troupes Orc et chevaliers dans les coins. Le but est de se rendre majoritaire des tours \u00e9parpill\u00e9es en cours de partie.<\/p>\n<p>En plus des jeux ci-dessus, il me reste \u00e0 lire les r\u00e8gles de:<br \/>\n&#8211; A Brief History of The World<br \/>\n&#8211; Caligula<br \/>\n&#8211; Gonzaga (jeu rapide)<br \/>\n&#8211; Imperial 2030 (jeu d&rsquo;experts)<br \/>\n&#8211; Havana<br \/>\n&#8211; Maria<br \/>\n&#8211; Arrondissements<br \/>\n&#8211; Carson City<\/p>\n<p>Autres \u00e0 surveiller (pas eu le temps ;(<br \/>\n&#8211; Macao<br \/>\n&#8211; Martinique<br \/>\n&#8211; Schwarzes Gold<br \/>\n&#8211; Shipyard<br \/>\n&#8211; The Republic of Rome (annonc\u00e9 en 360 minutes \ud83d\ude41<\/p>\n<p>Philrey<\/p>\n","protected":false},"excerpt":{"rendered":"<p>Suite \u00e0 SwatSh, voici ma liste. Loin d&rsquo;\u00eatre compl\u00e8te car j&rsquo;ai encore des r\u00e8gles \u00e0 lire avant la semaine prochaine. 1) ASSYRIA (Ystari), r\u00e8gles lues: Voil\u00e0 un must, si pas LE must. Bonne m\u00e9canique, jeu fluide, etc. A essayer \u00e0 tout prix \ud83d\ude09 2) COLONIA (Queen Games), r\u00e8gles lues: Le&#46;&#46;&#46;<\/p>\n","protected":false},"author":2,"featured_media":0,"parent":429,"menu_order":1,"comment_status":"open","ping_status":"open","template":"","meta":{"_acf_changed":false,"footnotes":""},"class_list":["post-421","page","type-page","status-publish","hentry"],"acf":[],"_links":{"self":[{"href":"https:\/\/www.vindjeu.eu\/prd\/wp-json\/wp\/v2\/pages\/421","targetHints":{"allow":["GET"]}}],"collection":[{"href":"https:\/\/www.vindjeu.eu\/prd\/wp-json\/wp\/v2\/pages"}],"about":[{"href":"https:\/\/www.vindjeu.eu\/prd\/wp-json\/wp\/v2\/types\/page"}],"author":[{"embeddable":true,"href":"https:\/\/www.vindjeu.eu\/prd\/wp-json\/wp\/v2\/users\/2"}],"replies":[{"embeddable":true,"href":"https:\/\/www.vindjeu.eu\/prd\/wp-json\/wp\/v2\/comments?post=421"}],"version-history":[{"count":0,"href":"https:\/\/www.vindjeu.eu\/prd\/wp-json\/wp\/v2\/pages\/421\/revisions"}],"up":[{"embeddable":true,"href":"https:\/\/www.vindjeu.eu\/prd\/wp-json\/wp\/v2\/pages\/429"}],"wp:attachment":[{"href":"https:\/\/www.vindjeu.eu\/prd\/wp-json\/wp\/v2\/media?parent=421"}],"curies":[{"name":"wp","href":"https:\/\/api.w.org\/{rel}","templated":true}]}}