{"id":9110,"date":"2014-10-12T19:14:06","date_gmt":"2014-10-12T17:14:06","guid":{"rendered":"http:\/\/www.vindjeu.eu\/?page_id=9110"},"modified":"2024-10-27T09:10:42","modified_gmt":"2024-10-27T08:10:42","slug":"contacts","status":"publish","type":"page","link":"https:\/\/www.vindjeu.eu\/prd\/contacts\/","title":{"rendered":"A propos"},"content":{"rendered":"\n<p>Bienvenue sur le site Vin d&rsquo;jeu. Vin d&rsquo;jeu parle essentiellement de jeux de soci\u00e9t\u00e9 modernes appel\u00e9s jeux de plateau ou jeux de strat\u00e9gie.<br>Sur ce site, diff\u00e9rents joueurs vous livrent leurs impressions ind\u00e9pendantes sur les jeux qu&rsquo;ils ont jou\u00e9s ensemble ou s\u00e9par\u00e9ment.<br>Notre objectif est de partager notre passion des jeux de soci\u00e9t\u00e9 avec vous, de vous faire d\u00e9couvrir de nouveaux jeux et de vous donner l&rsquo;envie de jouer car rien de tel que se retrouver ensemble, autour d&rsquo;une table de jeu pour vivre des moments uniques, conviviaux et de formidables aventures!<br>Merci d&rsquo;\u00eatre venus ici, nous esp\u00e9rons que ce site vous plait et n&rsquo;h\u00e9sitez pas \u00e0 partager, avec nous, vos commentaires et avis.<br>Sant\u00e9 et amusez-vous bien!<br>L&rsquo;\u00e9quipe de Vin d&rsquo;jeu<\/p>\n\n\n\n<p><\/p>\n\n\n\n<p>Pour nous contacter par mail : <a title=\"SwatSh\" href=\"mailto:fswatsh@gmail.com\">SwatSh<\/a><\/p>\n\n\n\n<p>Rejoignez nous sur <a href=\"https:\/\/www.facebook.com\/groups\/172579292786582\/\" target=\"blank\" rel=\"noopener\">la page Vin d&rsquo;Jeu Facebook<\/a>.<\/p>\n\n\n\n<p><\/p>\n","protected":false},"excerpt":{"rendered":"<p>Bienvenue sur le site Vin d&rsquo;jeu. Vin d&rsquo;jeu parle essentiellement de jeux de soci\u00e9t\u00e9 modernes appel\u00e9s jeux de plateau ou jeux de strat\u00e9gie.Sur ce site, diff\u00e9rents joueurs vous livrent leurs impressions ind\u00e9pendantes sur les jeux qu&rsquo;ils ont jou\u00e9s ensemble ou s\u00e9par\u00e9ment.Notre objectif est de partager notre passion des jeux de&#46;&#46;&#46;<\/p>\n","protected":false},"author":1,"featured_media":0,"parent":0,"menu_order":0,"comment_status":"open","ping_status":"open","template":"","meta":{"_acf_changed":false,"footnotes":""},"class_list":["post-9110","page","type-page","status-publish","hentry"],"acf":[],"_links":{"self":[{"href":"https:\/\/www.vindjeu.eu\/prd\/wp-json\/wp\/v2\/pages\/9110","targetHints":{"allow":["GET"]}}],"collection":[{"href":"https:\/\/www.vindjeu.eu\/prd\/wp-json\/wp\/v2\/pages"}],"about":[{"href":"https:\/\/www.vindjeu.eu\/prd\/wp-json\/wp\/v2\/types\/page"}],"author":[{"embeddable":true,"href":"https:\/\/www.vindjeu.eu\/prd\/wp-json\/wp\/v2\/users\/1"}],"replies":[{"embeddable":true,"href":"https:\/\/www.vindjeu.eu\/prd\/wp-json\/wp\/v2\/comments?post=9110"}],"version-history":[{"count":1,"href":"https:\/\/www.vindjeu.eu\/prd\/wp-json\/wp\/v2\/pages\/9110\/revisions"}],"predecessor-version":[{"id":59709,"href":"https:\/\/www.vindjeu.eu\/prd\/wp-json\/wp\/v2\/pages\/9110\/revisions\/59709"}],"wp:attachment":[{"href":"https:\/\/www.vindjeu.eu\/prd\/wp-json\/wp\/v2\/media?parent=9110"}],"curies":[{"name":"wp","href":"https:\/\/api.w.org\/{rel}","templated":true}]}}